 of o?
8
Suppose 16*k - 424 = 12*k. Let x = k - 65. What is the tens digit of x?
4
Let n(h) = -10*h**2 - 26*h + 78. Let z(m) = 3*m**2 + 9*m - 26. Let r(c) = -2*n(c) - 7*z(c). Let l be r(-12). Suppose -y + l = -50. What is the units digit of y?
4
Suppose m - 12455 = -2*m + 2*d, -12470 = -3*m - d. Suppose 12317 = 22*k + m. What is the units digit of k?
1
Let i = 5521 + -2037. What is the thousands digit of i?
3
Let v(h) be the first derivative of h**4/4 - 4*h**3/3 + 25*h**2 - 16*h - 94. What is the units digit of v(7)?
1
Let z be 12 + (-2 + 0)*2. Let x(o) = o**2 + 2*o + 2. Let w be x(-2). Suppose -1044 = w*d - z*d. What is the tens digit of d?
7
Let z = 4 + 3. Suppose -307 = -z*r + 6*r. Let w = r + -211. What is the units digit of w?
6
Let r = 49 + 389. Suppose r + 499 = y. What is the units digit of y?
7
Let t(m) = 2*m**3 + 57*m**2 - 85*m - 152. What is the thousands digit of t(-25)?
6
Suppose 128*w - 158*w + 24390 = 0. What is the units digit of w?
3
Suppose -k = -4*j + 3 + 4, 10 = 4*j + 2*k. Suppose -3*f = -5*m - 382, -7*m + j = -8*m. What is the tens digit of f?
2
Let d(j) = 66*j**2 - 10*j - 55. Let k be d(-6). Suppose k = 4*h + 773. What is the units digit of h?
2
Let m(q) = 71*q - 12. Let u be m(6). Suppose a - 2*b = u, 4*a - 7*b + 4*b - 1651 = 0. What is the hundreds digit of a?
4
Suppose 35 + 307 = 3*n. Let m be (44/33)/(2/n). Suppose p - m = -g, -56 = g - 2*g + 3*p. What is the units digit of g?
1
Suppose -3*y + 12 = 0, n + 2 = y + 1. Suppose s = n*m + 15, 0*m - 5*m - 29 = -2*s. Suppose 0 = 3*b + s, -3*b = 5*j + 2*b - 150. What is the units digit of j?
4
Let g = 51 - 1. Let f be (g/(-4))/(36/32 - 1). Let l = f + 156. What is the tens digit of l?
5
Let a be 0/(6/(-18)*(-2 + 11)). Suppose -f = 4*h - 0*h - 840, 3*f + 3*h - 2475 = a. What is the tens digit of f?
2
Let s(u) = -7*u**3 + 384*u**2 - 67*u + 116. What is the hundreds digit of s(53)?
0
Let g = 7025 - -16952. What is the tens digit of g?
7
Let q be 3/147*7 - (-110)/14. Suppose 5*z + q*z - 7176 = 0. What is the units digit of z?
2
Let h be ((-21)/(-42))/(1/1034). Let k = -249 + h. What is the tens digit of k?
6
Let g = 7929 + 7187. What is the hundreds digit of g?
1
Let y be 176/20*5/(-2). Let a = 54 + y. What is the units digit of a?
2
Let c be 2/1 - 2/(-3)*111. Let v = 113 - c. What is the units digit of v?
7
Let a be (-5)/(-3)*(4 + -1). Let z be ((a - 0)/(-5))/((-1)/4). Suppose -4*y - 16 = 0, 0*r - 3*y + 124 = z*r. What is the units digit of r?
4
Suppose 0 = 10*y + 19*y - 287854. What is the tens digit of y?
2
Let k(t) = 6422*t**2 - 68*t + 16. What is the hundreds digit of k(-3)?
0
Let o(h) = 328*h**3 - 19*h**2 + 71*h - 12. What is the ten thousands digit of o(6)?
7
Suppose -4*p + 4*j = -67292, 66*p - 4*j = 63*p + 50468. What is the units digit of p?
4
Let p be -1 + -6*(7 - 6)/(-3). What is the units digit of 5 - (-2 + p - (-7 - -1555))?
4
Suppose 0 = -s - 5*s + 108. Suppose 0 = s*x - 1038 - 240. What is the units digit of x?
1
Let z = 56347 - 33292. What is the thousands digit of z?
3
Suppose -5*q = -30059 - 17296. Suppose 20*d = -d + q. What is the hundreds digit of d?
4
Let h be ((-5)/(-3) - 1) + 764/(-1146). Let j(v) = 5*v + v**2 - 4*v - 3*v + 45. What is the tens digit of j(h)?
4
Suppose -2 = 5*s - 62. What is the units digit of -2*226*s/(-16)?
9
Suppose -w + 14 - 49 = i, -5*i + w - 187 = 0. Let q = i + 459. What is the hundreds digit of q?
4
Let t(j) = -27*j + 5802. What is the units digit of t(37)?
3
Suppose 0 = l + 2*n - 16, l = 3*n - 0*n - 4. Suppose -s + 5*s = l. Suppose -s*w - 2*z = -238, 2*w - z = -5*z + 246. What is the hundreds digit of w?
1
Suppose 0 = -2*n + 5*a + 103175, 58927 + 95898 = 3*n + 5*a. What is the hundreds digit of n?
6
Let k(n) = 40*n**2 - 127*n + 33. What is the units digit of k(12)?
9
What is the hundreds digit of (-38 + -1 + 0)*(-9)/(189/10486)?
4
Let m be (6/(-4))/((-4)/8). Suppose m*p = 41 - 23. What is the tens digit of (-4)/p + (-4098)/(-18)?
2
Let d = -14582 + 21951. What is the hundreds digit of d?
3
Let s = -2 + -2. What is the hundreds digit of ((-30)/(-8))/(((-16)/s)/784)?
7
What is the thousands digit of (-11 + 28)/(-5 - 7391/(-1478))?
5
Suppose 53266511 = 492*l + 15040571. What is the ten thousands digit of l?
7
Suppose 35*b = 34*b + 878. What is the hundreds digit of (30/20)/(-1 - b/(-872))?
2
Let c(k) = 40349*k**3 - 40352*k**3 - 3*k**2 + 2 + 0*k + k. What is the tens digit of c(-2)?
1
Suppose -2*l = 6*b - 9*b - 942, -b = 5*l - 2372. Let p = 1482 - l. What is the thousands digit of p?
1
Suppose 2*c - 101595 = -3*n, 0 = 153*c - 151*c + 12. What is the tens digit of n?
6
Let n(s) = s**2 - 3*s - 56. Let g be n(15). Suppose g = i - 5*m, 3*i - 4*m + 34 = 351. What is the units digit of i?
9
What is the tens digit of 11030 + 2 - (-6 + -18 + 17)?
3
Let q be (-25)/(-10) - (3 - 28/8). Suppose -q*b - 2*c = -6*b + 1245, 1257 = 3*b + 2*c. What is the units digit of b?
7
Suppose -73604 + 3008 = -9*t. What is the thousands digit of t?
7
Suppose 5*p = 2*r + 764, 3*r + 4*p + 1171 = -p. Let q = r + 240. Let k = q - -235. What is the units digit of k?
8
Suppose 2*o - 3*g = 15, -g = -4*o - 4*g + 3. What is the thousands digit of ((-60448)/96)/((-1)/o)?
1
Suppose 9*w = 12*w - 3*s - 10089, w - 3391 = -3*s. What is the tens digit of w?
7
Let h(k) be the first derivative of -k**2/2 + 8*k + 1. Suppose -7*v + 8*v + 10 = -o, 0 = -o + v. What is the tens digit of h(o)?
1
Let o be (-3)/15 + (-1)/(-5). Let h be 10/15*6 + o. What is the tens digit of 51 - -122 - 2/h*2?
7
Suppose 7*f - 13321 = 3395. Suppose -3*n + f = 2*a, -6*n = -3*a - 3*n + 3612. What is the tens digit of a?
0
Let a = 7771 + -1253. What is the hundreds digit of a?
5
Let l be (-1 + 35)/(35/(-175)). Let f = 440 + l. What is the units digit of f?
0
Suppose 0 = -2*a - 11*l + 10*l + 32014, 3*a - 47982 = 5*l. What is the thousands digit of a?
6
Let g(m) = 1208*m**2 + 27*m - 2. What is the thousands digit of g(-2)?
4
Let z(n) = -4462*n - 5315. What is the units digit of z(-21)?
7
Let x(f) = -18*f - 7. Suppose 18 = -14*i + 11*i. Let h be x(i). Let l = h + -39. What is the tens digit of l?
6
Let m be ((-490)/42 + 4/6)*-179. Suppose 4*v - m = 2*o - 459, -v - 4*o = -355. What is the units digit of v?
5
Let l(r) = -r**3 + 8*r**2 + 10*r - 5. Let t be l(9). Let b be 1 + 0 + -62*5/(-10). Suppose 0 = t*i - b - 516. What is the tens digit of i?
3
Suppose 7*z = 11 + 10. Suppose -2*u + h = -192, -417 - 63 = -5*u + z*h. Suppose 0*y = -y - 5*b + 51, -4*b = -y + u. What is the tens digit of y?
7
Let h(y) = -235*y - 59. Let n(g) = -157*g - 40. Let j(l) = 5*h(l) - 7*n(l). What is the tens digit of j(-3)?
1
Let x(b) = b**3 + 3*b**2 + 4*b + 13. Let w be x(0). Suppose 0 = -w*d + 19919 + 4846. What is the thousands digit of d?
1
Let b = -11827 - -18927. What is the tens digit of b?
0
Suppose 0*l = 5*l + 10, 164 = 2*s + 5*l. Let q = 282 - s. Suppose -65 = -4*y + q. What is the tens digit of y?
6
Let y be 5 + -1 - (-42)/(-21). Let a(i) = -8 + 13 - 2*i**2 + 2*i + 8*i**2 - 2*i**y. What is the units digit of a(-8)?
5
Let a = -5029 + 7894. What is the tens digit of a?
6
Let l = 114624 + -67545. What is the hundreds digit of l?
0
Let h = 10175 + -3227. What is the hundreds digit of h?
9
Let r be ((-11640)/(-150))/(-1 - 13/(-15)). Let w = r - -1033. What is the units digit of w?
1
Let z be 110/33 - 8/6. Suppose -12*w = z*w - 2842. What is the hundreds digit of w?
2
Let a(b) = 2751*b - 4466. What is the units digit of a(19)?
3
Suppose -3*t - 1036 = -h, 2*h = 3*t - 5*t - 680. Let w = 516 + t. Suppose k - w = -3*k. What is the units digit of k?
3
What is the tens digit of ((-78)/(-9))/(64/(-48))*-556?
1
Let u be (5 - 4)*(6 - -1518). Let p = u - 847. What is the tens digit of p?
7
Suppose -2*l - 3*a + 80 = 0, a - 8 = 3*a. Let i = 102 - l. Suppose g - i = 126. What is the tens digit of g?
8
Let k be ((-48)/(-4))/6*(-9)/(-6). Suppose -2*l + 5 - k = x, 0 = -2*x + l - 1. Suppose x*s + 6 = -2*s, 3*s - 3 = -4*n. What is the units digit of n?
3
What is the units digit of (1026/(-12))/(20889/2322 - 9)?
9
Let h(d) = 601*d - 564. What is the thousands digit of h(26)?
5
Let r(j) = 5*j**2 + 28*j - 5. Let l be r(-6). Let z(x) = -x**3 + 12*x**2 - 7*x + 19. What is the hundreds digit of z(l)?
2
Suppose 4*c = -4*c - 1648. Let y = -357 - c. Let u =